2
-1487
301302 (base 6) to base 10
23654
What is -123002 (base 4) in base 11?
-1333
3302210 (base 4) to base 7
63155
Convert 1068 (base 15) to base 3.
11202122
4302a (base 12) to base 3
11110221021
Convert -10610 (base 8) to base 10.
-4488
Convert -27222 (base 8) to base 11.
-8a59
-f7d (base 16) to base 8
-7575
10011010100 (base 2) to base 15
576
Convert 6a1 (base 11) to base 13.
4c5
What is -30123 (base 7) in base 9?
-10866
1016 (base 8) to base 16
20e
74323 (base 10) to base 16
12253
What is 1c3 (base 13) in base 3?
110011
Convert -131031 (base 8) to base 5.
-2424333
-3db (base 16) to base 5
-12422
Convert a126 (base 12) to base 2.
100010000101110
Convert 770 (base 13) to base 6.
5522
53110 (base 6) to base 4
1300002
What is 1010110100 (base 2) in base 14?
376
Convert 5bb (base 12) to base 7.
2342
-2201444 (base 5) to base 9
-56703
-6771 (base 9) to base 13
-2380
-21101102 (base 3) to base 8
-12410
What is 2743 (base 10) in base 5?
41433
4540 (base 7) to base 14
857
111110100 (base 2) to base 12
358
Convert -468 (base 9) to base 2.
-110000010
30 (base 11) to base 16
21
Convert -110123 (base 4) to base 6.
-10015
What is -11202221 (base 4) in base 16?
-58a9
Convert -da77 (base 14) to base 4.
-21031221
851 (base 14) to base 16
667
Convert -1001012020 (base 3) to base 15.
-6153
Convert 2a (base 13) to base 7.
51
What is -496 (base 10) in base 13?
-2c2
Convert -920 (base 11) to base 7.
-3145
Convert -120214 (base 5) to base 15.
-14a9
Convert 102450 (base 6) to base 13.
3a7a
b116 (base 13) to base 7
131002
4533 (base 8) to base 11
1888
Convert -2113 (base 7) to base 15.
-34a
What is -454d (base 14) in base 2?
-10111011111001
Convert -1292 (base 11) to base 16.
-68a
3332 (base 5) to base 6
2055
What is -2c9 (base 14) in base 8?
-1071
What is -5227 (base 14) in base 11?
-a6a1
Convert 97b (base 12) to base 4.
111233
Convert 424 (base 10) to base 8.
650
Convert 1808 (base 14) to base 9.
5830
What is 32223 (base 4) in base 16?
3ab
-11200100 (base 3) to base 7
-12642
-115644 (base 7) to base 13
-9897
What is 631 (base 13) in base 4?
100132
302b (base 12) to base 15
182e
-110000111110 (base 2) to base 12
-1992
Convert 31dd (base 14) to base 3.
102211101
-39855 (base 11) to base 8
-157142
Convert -11764 (base 8) to base 4.
-1033310
What is -b5a3 (base 12) in base 7?
-111606
What is -1010222 (base 3) in base 4?
-31010
What is -3cd (base 14) in base 7?
-2146
1155 (base 7) to base 12
300
-101001121 (base 3) to base 5
-213313
212220011 (base 3) to base 11
120a6
Convert -5443 (base 14) to base 13.
-6823
What is 1323031 (base 4) in base 14?
2c33
1643 (base 15) to base 3
20120100
10100000111010100 (base 2) to base 9
135012
Convert -16805 (base 13) to base 7.
-236441
Convert -336e (base 15) to base 10.
-10904
1032 (base 4) to base 3
2220
Convert 30080 (base 9) to base 12.
b523
461 (base 9) to base 11
315
What is 3c5 (base 14) in base 9?
1035
What is 2415 (base 6) in base 3?
210202
1265 (base 11) to base 9
2226
What is -527 (base 13) in base 12?
-612
What is -18c0 (base 16) in base 2?
-1100011000000
What is 19a1 (base 13) in base 3?
12021120
Convert -256 (base 9) to base 12.
-159
What is 103654 (base 7) in base 14?
689b
-132 (base 7) to base 4
-1020
What is 453 (base 13) in base 3?
1000120
What is -52135 (base 7) in base 10?
-12766
Convert 98 (base 13) to base 9.
148
Convert 1b56 (base 12) to base 2.
110100110010
Convert 10330 (base 5) to base 8.
1313
Convert -1455023 (base 6) to base 4.
-110311113
1c4 (base 13) to base 2
101001001
What is -8080 (base 10) in base 15?
-25da
6d5 (base 16) to base 7
5046
-330220 (base 7) to base 4
-32012020
What is 100000101000110 (base 2) in base 6?
205210
Convert -73 (base 9) to base 12.
-56
50bc (base 15) to base 14
6300
-1317 (base 12) to base 4
-202003
Convert -11000101000010 (base 2) to base 13.
-5980
3040 (base 6) to base 3
220220
-466 (base 12) to base 5
-10104
Convert 1464 (base 8) to base 4.
30310
Convert 52241 (base 7) to base 13.
5ab0
What is 6502 (base 9) in base 5?
123111
a4d2 (base 16) to base 14
1153c
11124 (base 7) to base 4
223323
Convert 211301 (base 4) to base 6.
15105
What is -1552 (base 6) in base 14?
-228
5173 (base 9) to base 4
323100
-111002 (base 4) to base 2
-10101000010
Convert -22a (base 12) to base 9.
-387
Convert -2503 (base 6) to base 11.
-50a
-2220121 (base 4) to base 6
-121521
Convert 2220 (base 4) to base 5.
1133
What is -10501 (base 6) in base 13?
-898
Convert 5820 (base 9) to base 12.
25b3
What is -23250 (base 9) in base 14?
-5924
-10001202120 (base 3) to base 14
-17db7
Convert -110101011 (base 2) to base 10.
-427
20101100 (base 3) to base 5
122103
2145 (base 8) to base 16
465
Convert 210242 (base 5) to base 13.
3215
615 (base 9) to base 12
358
What is -2679 (base 11) in base 13?
-1773
-104412 (base 5) to base 10
-3732
310 (base 12) to base 11
374
What is -25590 (base 10) in base 14?
-947c
225 (base 7) to base 11
a7
Convert -680 (base 13) to base 11.
-927
Convert -503c (base 15) to base 11.
-117a3
Convert 1010101100001000 (base 2) to base 15.
ce8e
Convert -49a (base 11) to base 4.
-21101
What is -111011010100001 (base 2) in base 9?
-45583
Convert 3ad2 (base 16) to base 6.
153414
213042 (base 6) to base 14
6558
-c793 (base 14) to base 11
-2395a
Convert 360 (base 10) to base 13.
219
What is -265 (base 12) in base 15?
-195
What is 6622 (base 7) in base 12?
1454
Convert 127 (base 15) to base 14.
14a
-198 (base 16) to base 15
-1c3
Convert -1ed (base 15) to base 14.
-240
Convert -43 (base 8) to base 14.
-27
What is -4e4 (base 15) in base 11?
-923
-1110000011101 (base 2) to base 10
-7197
What is 22113 (base 4) in base 14?
355
What is 11307 (base 12) in base 8?
54567
Convert 1213301 (base 4) to base 10.
6641
What is 1554 (base 8) in base 11?
727
What is 14320 (base 7) in base 6?
30114
What is -1358 (base 9) in base 5?
-13100
What is -21e (base 15) in base 8?
-737
What is -15747 (base 14) in base 4?
-31011003
What is 30176 (base 8) in base 13?
585c
-75d (base 15) to base 12
-b67
What is -22311 (base 7) in base 13?
-2751
Convert -27a8 (base 11) to base 14.
-1471
122223 (base 4) to base 11
1312
What is -10000111111110 (base 2) in base 4?
-2013332
11554 (base 9) to base 4
1321000
What is 1033010 (base 4) in base 8?
11704
What is 11406 (base 9) in base 3?
101110020
What is -1c1 (base 13) in base 9?
-402
Convert 6762 (base 12) to base 5.
331300
17573 (base 8) to base 15
25c4
10112021 (base 3) to base 11
1a29
What is -62502 (base 8) in base 5?
-1312142
What is 6649 (base 10) in base 8?
14771
What is -2102102 (base 3) in base 11?
-1366
-115412 (base 6) to base 4
-2201000
Convert 32724 (base 8) to base 11.
a398
-443 (base 16) to base 10
-1091
-110110100001 (base 2) to base 16
-da1
What is -1b (base 16) in base 11?
-25
-1383 (base 10) to base 2
-10101100111
-324340 (base 6) to base 8
-64444
Convert 652 (base 9) to base 6.
2245
1222201 (base 3) to base 4
112222
Convert dd (base 15) to base 6.
544
-216 (base 12) to base 16
-132
Convert -2012223 (base 4) to base 9.
-12736
-158c (base 14) to base 11
-2989
-2207 (base 8) to base 3
-1120221
Convert 562 (base 14) to base 9.
1414
Convert 1ab4 (base 15) to base 11.
4398
What is 222 (base 10) in base 14?
11c
-240056 (base 7) to base 11
-2a557
Convert -57740 (base 8) to base 4.
-11333200
Convert -308 (base 15) to base 16.
-2ab
-14051 (base 9) to base 6
-112031
11524 (base 8) to base 12
2a44
What is -3b28 (base 14) in base 9?
-15262
What is -15215 (base 6) in base 5?
-34314
What is 3041 (base 6) in base 15?
2ed
What is -332200 (base 4) in base 16?
-fa0
What is -1252 (base 6) in base 16?
-140
What is -3211210 (base 5) in base 13?
-1b716
Convert -1010111011010 (base 2) to base 8.
-12732
Convert 8a (base 12) to base 3.
10221
Convert 4519 (base 11) to base 8.
13475
What is 2c548 (base 13) in base 3?
11021202121
640 (base 16) to base 3
2012021
10300133 (base 4) to base 15
5b92
Convert -1754 (base 16) to base 15.
-1b82
466 (base 9) to base 15
1a9
What is -1b17 (base 12) in base 4?
-310003
What is 1412321 (base 5) in base 14?
a858
Convert 2260 (base 7) to base 4.
30322
Convert -100010101110011 (base 2) to base 11.
-123a3
-1154 (base 6) to base 7
-556
13798 (base 11) to base 6
230404
-a934 (base 11) to base 2
-11100001100100
What is -20033213 (base 4) in base 7?
-200306
What is -